uppose -4*i = -20, -s*v + 2*v = 3*i - 200. Is v a composite number?
False
Suppose 0 = t + n + 15 + 50, t + 71 = -3*n. Suppose 0 = 5*y + 5*k - 70, -4*y = y - 2*k - 91. Let h = y - t. Is h composite?
False
Suppose -8 = -3*w + 1. Let z = 1 - -21. Suppose j + w = z. Is j a composite number?
False
Let t = -2 - -2. Suppose -4*k = 3*l + k - 744, t = -2*k - 6. Is l prime?
False
Suppose q - 2*q - 3 = c, 3*q - 31 = 5*c. Suppose 0 = 2*i + h - 51, -3*i + q*h + 3*h + 44 = 0. Is i prime?
True
Suppose 2*r + 4*s + 2 = -0*s, -4*s = -5*r + 23. Suppose -y - 6 = r*y + z, 2*y - z = 0. Is y/(6/(-39))*14 a composite number?
True
Is 1*(6/6 - (2 - 210)) a composite number?
True
Let m = -57 - -90. Is m a composite number?
True
Let m = 654 - 277. Is m a composite number?
True
Is -1 + (-227 + -1)/(-2) a composite number?
False
Suppose 4*o - 1 + 2 = 3*v, 0 = 5*o + 3*v - 19. Suppose 2*c = -2*d - o*d + 506, 504 = 4*d + 4*c. Suppose 2*t - t - d = 0. Is t a prime number?
True
Let m(f) = f**2 + f + 5. Let h be 0 - -1*0/(-1). Suppose h - 6 = z. Is m(z) composite?
True
Let w be 178 - (1 - 0 - 1). Let z be 18/4 - (-21)/(-14). Suppose z*c = c + w. Is c composite?
False
Suppose 6*m - 15 = 3*m. Suppose m*y - 40 = -2*v, 0 = -v + 3*y - 6*y + 19. Is v composite?
True
Let s be (2 + (-7)/2)*-2. Suppose 801 = s*l - 2*z + 174, z + 1052 = 5*l. Is l a composite number?
False
Let c = 1 - -4. Suppose 0 = -c*x + 1054 + 381. Is x a composite number?
True
Suppose 5*l + 2*b - 2493 = 0, -5*l = -0*l + b - 2494. Is l a composite number?
False
Suppose 3*p - 5*j - 384 = -4*j, -4*p + 496 = 4*j. Is p prime?
True
Let p(d) = -2*d - 2. Let r be p(-2). Suppose -5*o - 10 - 14 = 2*m, -r = o. Let t(y) = -3*y + 10. Is t(m) a prime number?
True
Let u = -185 + 1114. Is u a prime number?
True
Is (-3182)/(-10) - (-4)/5 a composite number?
True
Let b(i) = -13*i**3 - i**2 - 3*i - 4. Is b(-3) composite?
False
Let i(r) = 0 + 4 - r**2 + 5*r**2 - r - 2 + 4*r**3. Let w be i(4). Is (-2)/(3*(-4)/w) composite?
False
Suppose 5*r = -n - 3, -3*r + 39 = -5*n - 4*r. Let g = 7 - n. Is g prime?
False
Is (-2 - -3 - -87) + 1 a prime number?
True
Let z(w) = 3*w**2 - 4*w + 6 + 14*w**2 + 16*w**2 - w**2. Let p be z(6). Is p/8 + (-7)/(-28) prime?
False
Let f(h) = h**3 - h**2 - h - 4. Let y = 4 + -4. Let t be f(y). Is (3 + 1)*(-19)/t composite?
False
Let u be (4/(-3))/(1/(-3)). Suppose -4*d - u = -160. Is d a composite number?
True
Suppose -2*h - 2*h = -316. Is h a composite number?
False
Suppose -12 = -5*v - 2. Suppose 0 = x + f - 78, -75 = v*x - 3*x - 4*f. Is x prime?
True
Suppose 0 = -4*a + 4*x - 36, 3*x = a - 7 + 24. Let v be 4 + a - 1*-1. Let z = v + 11. Is z a prime number?
True
Suppose 3*r - 7 = -2*n, 9 + 4 = 4*n + 5*r. Suppose 0 = 2*v - 5*g - 37, -3*v - n*g + 3*g + 62 = 0. Is v a prime number?
False
Suppose -3*y + 971 = 4*a, -3*y + 254 = 2*a - a. Is a a composite number?
False
Let s(b) = 47*b**2 + 5*b + 11. Is s(-3) a composite number?
False
Let l = -1 + 2. Is -3*(-205)/3*l a composite number?
True
Is (-2)/(((-24)/1172)/3) composite?
False
Let j(p) = -5 + 5 - 53*p**3. Is j(-1) a prime number?
True
Is 2*2/(-6) + (-25188)/(-36) prime?
False
Suppose 191 = 2*j - j. Is j a composite number?
False
Let z = -337 - -804. Is z prime?
True
Suppose 0*z + 2488 = 8*z. Is z a composite number?
False
Suppose 0 = d - m - 183, d + 0*m - 175 = 5*m. Suppose 2*i = 7*i - d. Is i a composite number?
False
Let g(r) = -10*r + 7 - 5*r - r - 2*r. Is g(-5) a composite number?
False
Suppose 2*u - 1645 + 111 = 0. Is u a composite number?
True
Let n(l) = -l**2 + 29*l - 17. Let v = -12 + 25. Is n(v) prime?
True
Let w be -3*(-3)/9 + 3. Let u be w/18 + (-48)/(-27). Suppose -23 - 311 = -u*j. Is j composite?
False
Let t = 2361 + -1642. Is t composite?
False
Let c = -2 - -2. Suppose 2*w - w - 31 = c. Is w a composite number?
False
Suppose x + 36 - 115 = 0. Is x composite?
False
Suppose d - y = 6*d - 410, -15 = 3*y. Suppose 5*i + 5*p + 107 = -63, 0 = i + 2*p + 36. Let s = d + i. Is s prime?
False
Let d = 3 - 0. Is (-33)/6*(-9 + d) prime?
False
Let z be 8/(-28) - (-187)/(-7). Let a be z/(-6) - 1/2. Suppose -5*f - m = -661, -a*f + 2*m + 3*m = -552. Is f a composite number?
True
Suppose 2*i + 3*y = 247, -i + 3*y - 2*y + 116 = 0. Is i composite?
True
Let n = 36 + 43. Suppose 1219 = 2*h + n. Suppose 3*a = -12, -3*a + 8*a = -2*d + h. Is d a prime number?
False
Let l(s) = s**3 + 0 + 0 + 2*s + 6 + 3*s**2 + 2*s**2. Is l(-4) a composite number?
True
Let s(c) = -c**2 - 5*c + 3. Let m be s(-4). Suppose -m*h + 995 = -2*h. Is h a composite number?
False
Let m be 1219/3 + 1/(-3). Let y be (-4)/7 + (-5385)/21. Let n = m + y. Is n a prime number?
True
Suppose -90*w + 87*w + 4449 = 0. Is w prime?
True
Let q(k) = 4*k**3 + k - 1. Let s be q(2). Let o be (3 + -3 + -2)*-156. Suppose o + s = 5*h. Is h prime?
False
Let u(o) = o**3 - 2*o**2 + 2*o - 5. Let r be u(3). Is 3/(-2) + 235/r a prime number?
False
Let w(k) = -24*k**3 + 2*k**2 + k + 1. Is w(-2) a composite number?
False
Let v(p) = p**2 + 25. Let j(m) = m**3 + m**2 - 3*m - 2. Let u be j(-2). Suppose u = -2*o - o. Is v(o) composite?
True
Let d = -209 - -446. Is d composite?
True
Suppose -2*h = h. Suppose 2*o - 5*o = 3*d, -12 = -5*d - 2*o. Suppose v + 3*u - 169 = h, -d*v = -u - 0*u - 624. Is v prime?
True
Let h(m) = m**2 - m - 1. Let l be h(3). Let u = l - -2. Is (-514)/(-14) + 2/u composite?
False
Let b be ((-26)/4)/((-3)/174). Let i = b + -126. Is i composite?
False
Suppose -2*h + 2*w - 4*w - 84 = 0, 4*w = -2*h - 84. Is (-2)/(-7) - 14142/h a prime number?
True
Is (-10456)/(-4)*(-1)/(2/(-5)) prime?
False
Let n = 146 - 96. Suppose 0 = 5*z + 3*f - n, 5*z - 4*f = 46 + 39. Is z composite?
False
Suppose 11 = s - 1. Suppose -3*u = -s, 2*x - x - 2*u = 29. Is x a composite number?
False
Suppose 2*j - 4*m = 454, 5*m - 37 + 957 = 4*j. Is j a composite number?
True
Suppose 1 = -5*c - 504. Let p = c - -148. Is p a prime number?
True
Is 253 + (4 - (3 - -3)) a prime number?
True
Let b(w) = 5*w**2 - w + 9. Is b(-5) a prime number?
True
Let y be (-5)/((-10)/1236) - -3. Suppose 0 = 2*h + 6, y = 3*i + h - 117. Is i composite?
True
Let g = -12 + 18. Is -191*3*(-2)/g composite?
False
Let v(o) = -o**2 + 3*o - 6. Let u be v(7). Let h = 18 + u. Let f = -9 - h. Is f a prime number?
True
Suppose 0 = 5*u - 10 + 5. Suppose 3*r - 11 = u. Suppose 5*v + 15 = 0, -r*h + 2*v = -51 - 31. Is h a composite number?
False
Suppose -2*g + 1 + 3 = 0. Suppose -g*a = -0*a + 42. Let p = a + 44. Is p composite?
False
Let d(b) be the third derivative of b**6/120 - b**5/12 + b**4/6 - b**3/6 + b**2. Is d(5) a composite number?
False
Suppose 4*h - 8*h - 4 = 0. Let p be 1 + -1 - (-1 + h). Suppose 0 = -p*y + y + 127. Is y a prime number?
True
Let a(t) = -t**3 + t**2 + t + 3. Let p be a(-4). Let o = -24 + p. Is o prime?
False
Suppose n - 2*v = 432 + 403, -n + 845 = 3*v. Is n a prime number?
True
Let j be 1/(3/6*-2). Let g be ((-4)/((-2)/j))/(-1). Is (262/g)/(2 - 1) composite?
False
Let n(w) = -64*w**3 - w. Let l be (3 + -2)*-1*1. Let s be n(l). Suppose g - 3*t + 4 = 0, 8*g + 2*t - s = 3*g. Is g prime?
True
Is (9 - 11)/(2/(-635)) composite?
True
Suppose -x - 4*s = -2*s - 158, -s = 5*x - 781. Suppose -398 - 242 = -5*w. Suppose -5*k - w = -4*d, 4*d + 5*k = 3*k + x. Is d a prime number?
True
Suppose 7 = -4*o - 5. Is 1/o - (-292)/3 a prime number?
True
Let b(a) = 5694*a**2 - 7. Is b(2) composite?
False
Let a = 6 - 4. Let g be 2*a*1/2. Suppose -2*i + 3*y + 56 = 0, g*i + 29 = 3*i - 2*y. Is i a prime number?
False
Suppose -3*j - 6*d = -d - 30, -2*j - 2*d + 16 = 0. Suppose 56 = j*l - 429. Is l a composite number?
False
Let p be 6*((-2)/(-6) + 0). Suppose 0 = -p*d + 19 - 1. Is d composite?
True
Let d = -10 + 12. Suppose d*s - 3*s = 0. Suppose -14 = -y - s*y. Is y prime?
False
Let x(y) = 612*y**3 - 2*y + 5. Let c(l) = 612*l**3 - l + 4. Let g(k) = -3*c(k) + 2*x(k). Is g(-1) composite?
True
Let v = 2 - 10. Let s = v + 6. Let h = 5 + s. Is h a prime number?
True
Is 1/(-2) + -2517*(-1)/6 a prime number?
True
Let b be ((-50)/(-8))/((-1)/(-4)). Let d = b + -12. Is d prime?
True
Let a(c) = 1106*c**3 + 2*c**2 - 1. Let w be a(1). Is 1/2 + w/6 prime?
False
Suppose -3*g + 14695 = 5*h - 0*h, 0 = 3*g. Is h a prime number?
True
Let n be (-1)/(-2) - 2/4. Suppose 0 = w - i - 2 - n, -i - 8 = -4*w. Suppose 0 = 5*p